5031. Is i a composite number?
True
Suppose -132 = 6*o - 42. Let c(r) = -r**3 - 14*r**2 - 20*r - 23. Is c(o) a prime number?
False
Let d(n) = 20*n**2 + 46*n - 949. Is d(-74) prime?
True
Let f be 22/5 + (-6)/(-10). Suppose 0 = f*l + 4*l - 36. Suppose 345 = -q - 2*c + 1152, 0 = l*q - c - 3183. Is q prime?
True
Suppose b - 2*o - 40553 - 11794 = 0, o = b - 52345. Is b a prime number?
False
Is 150/(-2325) + 5189743/31 a composite number?
True
Let a(h) = -76 + 6*h**2 + 30 + 5*h + 5*h - h. Is a(-19) a composite number?
False
Let l(k) be the first derivative of -k**3/3 - 5*k**2/2 + 11*k - 17. Let c be l(-6). Suppose -4*a = c*i - 1339, 0*i - 550 = -2*i + 2*a. Is i a composite number?
False
Suppose -3*h - 63 = -4*i, -2*i + 9 = 2*h - 5. Suppose 10*g - i*g = -37394. Is g a composite number?
True
Suppose g + 6924 = 4*g. Let f be (-7 - 2111)*(-31)/(-62). Let a = f + g. Is a composite?
False
Let b be 5271 - -3*-5*2/(-30). Suppose h + 7277 = 2*m, -2*m = -5*h - b - 2017. Is m prime?
True
Suppose -4*y - 35*v = -34*v + 5147211, 20 = 4*v. Is (-3)/(-7) - y/161 prime?
True
Let v = 14322 - 9957. Suppose -40*d = -v - 11275. Is d composite?
True
Suppose 16608 + 12960 = 11*z. Let h = 3091 + z. Is h prime?
True
Suppose -u + 2947 = 2*d, -5*u + 4*d + 18958 = 4279. Is u composite?
False
Let z = -567 + 569. Suppose 0 = z*h + 4*r - 14922, -24*r - 37329 = -5*h - 22*r. Is h a prime number?
False
Is ((-4)/12)/(-3*2/98262) a composite number?
True
Let u be (-8)/(-6) - 40*(-6)/(-45). Is u/12 - 10890/(-27) a composite number?
True
Let j be (-27)/(-4) + 81/(-108). Is ((-117)/6)/(-13)*3820/j prime?
False
Suppose 2*d + 5*w = 19, 0*d + 1 = -d + w. Suppose -4*k = z - 11, k + 9 = -d*k + 5*z. Is 570 - ((-12)/16)/(k/8) a composite number?
True
Let l = -2134 + 1343. Let a = l + 1367. Suppose -6*j + 2*j + 2*o + a = 0, 5*o = 10. Is j a composite number?
True
Let z(q) = -546*q - 1. Let c be (-3)/(21/(-2)) + (-4190)/(-35). Let u = 117 - c. Is z(u) composite?
False
Let f = 637 - 637. Suppose -5*a + 1124 = 4*p - 4335, 2*p - a - 2719 = f. Is p a prime number?
True
Let z(k) be the third derivative of 7*k**6/80 - k**5/60 + 7*k**4/24 - 16*k**2. Let a(n) be the second derivative of z(n). Is a(7) prime?
True
Suppose -5*l - 3 + 8 = 0, -2*l + 10 = 2*n. Suppose n*f = t - 3*t + 10246, f = -t + 2560. Is f a composite number?
True
Let l(m) = -6704*m - m**2 + 6704*m + 3. Let j be l(0). Suppose j*b = 5*b - 2234. Is b composite?
False
Let p(l) = -43*l + 7 + 95*l + 198*l + 41*l. Let i(r) = -r**2 - 14*r - 16. Let h be i(-12). Is p(h) prime?
False
Suppose -529*x = -285*x - 33667852. Is x prime?
True
Suppose -3*z = -411810 + 39471. Suppose -42*s = -9*s - z. Is s a composite number?
False
Is (2/(-10))/(12*(-14)/(-168))*-130885 a prime number?
True
Suppose i + 10445 = -2*q + 57511, -3*q + 70609 = 4*i. Is q a composite number?
False
Let f be -6*(-7)/(-56)*-4. Suppose y = 4*a - 14369, -f*y - 12 = -21. Is a a prime number?
True
Let c(t) = 3*t**3 + 13*t**2 + 82*t + 135. Is c(28) a prime number?
True
Let s = -1032602 + 1534549. Is s a prime number?
True
Let j(l) = 357*l**2 + 6*l - 13. Let d be j(2). Suppose i - 230 = d. Is i prime?
True
Suppose -10*o + 340 + 140 = 0. Suppose o*b = 53*b - 17405. Is b a prime number?
False
Let b(m) = 2743*m**2 - 9*m + 7. Suppose 0 = -25*f + 24*f + 1. Is b(f) a composite number?
False
Let s be -57*((-2)/(-21) - (-1102)/1218). Suppose -5 = t, 3*w + 1 + 23 = -3*t. Is s/(w + 96/34) composite?
True
Suppose -6*m - 380 = -11*m. Suppose m*p = 79*p + 1140. Let c = -169 - p. Is c composite?
False
Let u(z) = 15*z**3 - 4*z**2 - 2*z + 6. Let c(v) = -14*v**3 + 4*v**2 + 3*v - 6. Suppose 6*b = -11 + 47. Let h(x) = b*c(x) + 7*u(x). Is h(2) a prime number?
False
Let f = 464 + -299. Suppose 12280 = 5*d + 2*s, 17*s = -3*d + 19*s + 7384. Let z = d - f. Is z a prime number?
True
Suppose 0 = 3*k + 522 + 2457. Let p = 268 - 570. Let x = p - k. Is x a prime number?
True
Suppose 113*j - 999169 = -92*j + 5110446. Is j a composite number?
False
Suppose -9*t + 14*t = 314185. Is t composite?
True
Let b = -1122 + 1127. Let f(p) = p + 2. Let z be f(-2). Suppose 5*k + z*q + 4*q = 4535, 5*k = b*q + 4535. Is k composite?
False
Let k = -34960 + 61435. Suppose -n = -2*l - k, 2*n + 4*l - 42975 = 10015. Is n a composite number?
True
Let r(g) = 182*g**2. Let d be r(1). Let p be ((-9)/(9/8))/(3 - 5). Suppose p*o = 2*o + d. Is o a prime number?
False
Suppose 2*k + 2*k = -3*h - 265, -2*k = 2*h + 134. Let t = -64 - k. Suppose 5*p - 4*f - 9717 = t, -f + 1413 = p - 534. Is p prime?
False
Suppose -5*x - 3*n + 2360899 = 0, 5*x - 1839418 = n + 521489. Is x composite?
True
Let i(d) = 6 + 17 + 2*d**2 - 4 + 4*d. Suppose -10*k - 6 = -9*k. Is i(k) a composite number?
False
Let p(y) = -11*y**3 + 17*y**2 + 23*y - 26. Let n(c) = -c**3 + c**2 - 1. Let v(f) = -2*n(f) + p(f). Is v(-11) prime?
False
Suppose -2*r - 2 = 0, -r + 48 + 41 = 5*h. Suppose -h*n + 2163 = -15*n. Is n composite?
True
Suppose -i - 2 = 0, -8*q + 284 = -7*q + i. Let s = q + 603. Is s a prime number?
False
Suppose -i = -2*i - 5056. Let q(o) = -119*o**2 + 47*o + 235. Let f be q(-5). Let p = f - i. Is p prime?
True
Let u(z) = 2904*z**2 + 37*z + 234. Is u(-7) prime?
True
Suppose 0 = 6*x - 9*x + 2685. Suppose -3*g = -4*a - 0*a - x, 1117 = -5*a + 2*g. Let b = 342 - a. Is b prime?
False
Let s(y) = 6224*y - 87. Let t(r) = r**3 - 13*r**2 + r - 6. Let c be t(13). Is s(c) composite?
False
Suppose -4*m - 3*g = -0*m - 15, 0 = -3*m - 4*g + 20. Let j(z) = -2*z + m*z - z + z + 16. Is j(7) a composite number?
False
Suppose 51*t - 29535553 = 555518. Is t composite?
False
Let a(b) = -897251*b - 268. Is a(-1) composite?
False
Let s be 3 + (-11)/((-66)/325962). Suppose -17*o + 2*o = -s. Is o a composite number?
True
Suppose 0*y + 63 = 7*y. Suppose -11562 = 3*i - y*i. Suppose 8588 = 3*u - i. Is u a prime number?
False
Suppose 0 = -3*t - 27 + 30. Let j be t - (-3 + 1) - -68. Suppose m = j + 84. Is m prime?
False
Suppose -5*c - 46*x + 44*x + 477973 = 0, -x = -4*c + 382394. Is c prime?
True
Is ((-1750682)/48 - 51/408)/(4/(-6)) composite?
False
Let j(f) = f**3 - 16*f**2 + 11*f - 23. Let b = 89 + -90. Let s(x) = -x**2. Let h(o) = b*j(o) - 2*s(o). Is h(14) prime?
True
Is (-46 - -45)*32026/(-2) composite?
True
Let z = 7093 - 2371. Suppose -2*a - z = 3*t - 5*t, -5*t + 11797 = -a. Is t composite?
True
Let c be (5*7/105)/((-1)/(-6)). Suppose -5*g + 11722 = 4*u - 30499, 16862 = c*g - 5*u. Is g a prime number?
False
Suppose -24 = -4*r + 4*y, 4*y = 4*r + r - 26. Suppose 35915 = -r*l + 7*l. Is l a composite number?
True
Suppose 24445 = -1208*h + 1213*h. Is h a composite number?
False
Let f(p) = -116*p**2 - 3*p + 1. Let r be f(4). Suppose -j = 3*n + 2878, 7*n - j = 2*n - 4802. Let h = n - r. Is h a composite number?
False
Let h be ((5 + -5)/(-3))/(-1). Suppose -76 = -5*u - b + 2249, u + 2*b - 456 = h. Is u prime?
False
Suppose 77*d + 2949038 = 1836634 + 42698025. Is d a composite number?
True
Let r = 447518 + -224755. Is r composite?
True
Let s(c) be the third derivative of 0*c - 5/6*c**3 + 8*c**2 + 0 + 99/20*c**5 - 3/8*c**4. Is s(-4) composite?
False
Let l = 57 - 53. Suppose -2*s - l*d + 16090 = 0, 5*s = 2*d + 30780 + 9493. Is s prime?
True
Let g = -755 - -1091. Let x = -216 + g. Suppose b = -f + x, -6*f = 2*b - f - 255. Is b composite?
True
Let d be (-2)/(-13) - (315/(-65) + -5). Let o be (-1 - 1 - d/(-6))*0. Suppose w + 5*k = 3*w - 837, -w - 2*k + 441 = o. Is w prime?
True
Let c(h) = -24. Let t(s) = -s. Let z(w) = -c(w) + 4*t(w). Let b be z(7). Is 2*2/b + 204 prime?
False
Suppose -n - 4*w = -5544, n - 3*w = 1937 + 3593. Suppose 2*k = m + 2770, -7*m = -4*k - 4*m + n. Is k prime?
False
Let i(b) = 37*b**2 + 23*b - 13. Let r be i(16). Suppose -6*o + 14359 + r = 0. Suppose -4*n = -533 - o. Is n a prime number?
False
Let c(g) = 87299*g**2 - 48*g + 124. Is c(3) composite?
False
Let h be 11*5/(-10)*(-1 - 1). Suppose 552 = 2*y - 646. Is (h - 9)/(1200/y - 2) a composite number?
False
Let h be 1*((-6)/24 - (-29)/4). Suppose -h*b + 7089 - 2595 = 0. Let i = -265 + b. Is i a prime number?
False
Let j(d) = -10*d**2 - 4*d + 39. Let a be j(8). Let i = 1468 + a. Is i prime?
False
Let v = 1644 + -2924. Let j be (0 - 18/(-33)) + 2214792/792. Let n = j + v. Is n composite?
True
Let i(f) = -4233*f - 4. Let t be i(-6). Suppose 5*y